888?
4
What is the thousands digit of 1647250?
7
What is the thousands digit of 3982154?
2
What is the hundred thousands digit of 404355?
4
What is the hundred thousands digit of 1544145?
5
What is the units digit of 110442?
2
What is the tens digit of 909312?
1
What is the hundred thousands digit of 806831?
8
What is the hundreds digit of 1248462?
4
What is the hundred thousands digit of 4866138?
8
What is the hundreds digit of 504153?
1
What is the thousands digit of 335763?
5
What is the hundred thousands digit of 2176984?
1
What is the hundreds digit of 2300866?
8
What is the hundreds digit of 870866?
8
What is the ten thousands digit of 544429?
4
What is the units digit of 615060?
0
What is the tens digit of 22966431?
3
What is the ten thousands digit of 340834?
4
What is the hundred thousands digit of 244075?
2
What is the ten thousands digit of 634965?
3
What is the tens digit of 1786952?
5
What is the thousands digit of 25912?
5
What is the hundred thousands digit of 1169538?
1
What is the tens digit of 40748?
4
What is the units digit of 20453508?
8
What is the hundreds digit of 8483905?
9
What is the hundreds digit of 3724458?
4
What is the hundreds digit of 274590?
5
What is the tens digit of 317586?
8
What is the thousands digit of 229901?
9
What is the thousands digit of 304297?
4
What is the units digit of 6211042?
2
What is the thousands digit of 628647?
8
What is the ten thousands digit of 142424?
4
What is the hundred thousands digit of 160869?
1
What is the units digit of 418?
8
What is the thousands digit of 3949384?
9
What is the hundred thousands digit of 534398?
5
What is the hundred thousands digit of 4307132?
3
What is the hundreds digit of 1117184?
1
What is the ten thousands digit of 2021810?
2
What is the ten thousands digit of 11619346?
1
What is the tens digit of 125904?
0
What is the units digit of 4034318?
8
What is the units digit of 17015042?
2
What is the thousands digit of 1199698?
9
What is the millions digit of 30407176?
0
What is the tens digit of 3231152?
5
What is the units digit of 298248?
8
What is the ten thousands digit of 355982?
5
What is the tens digit of 72503?
0
What is the millions digit of 1843075?
1
What is the hundreds digit of 271946?
9
What is the hundred thousands digit of 134408?
1
What is the hundred thousands digit of 5996787?
9
What is the ten millions digit of 11715412?
1
What is the units digit of 4854714?
4
What is the units digit of 889950?
0
What is the units digit of 32478111?
1
What is the hundreds digit of 418363?
3
What is the thousands digit of 4703174?
3
What is the hundred thousands digit of 8576749?
5
What is the ten thousands digit of 97805?
9
What is the ten thousands digit of 5127058?
2
What is the tens digit of 374954?
5
What is the millions digit of 1065606?
1
What is the tens digit of 6441389?
8
What is the hundreds digit of 546309?
3
What is the millions digit of 2898170?
2
What is the units digit of 10827995?
5
What is the ten thousands digit of 25112?
2
What is the thousands digit of 22646985?
6
What is the units digit of 263418?
8
What is the hundred thousands digit of 3085502?
0
What is the hundreds digit of 281541?
5
What is the hundreds digit of 563000?
0
What is the thousands digit of 895462?
5
What is the hundreds digit of 2730491?
4
What is the tens digit of 821030?
3
What is the units digit of 109157?
7
What is the hundreds digit of 17285402?
4
What is the hundreds digit of 10295914?
9
What is the tens digit of 314359?
5
What is the units digit of 23434?
4
What is the tens digit of 908533?
3
What is the hundred thousands digit of 2960252?
9
What is the thousands digit of 146243?
6
What is the hundreds digit of 9931280?
2
What is the millions digit of 2182576?
2
What is the hundred thousands digit of 559045?
5
What is the ten thousands digit of 122557?
2
What is the tens digit of 235909?
0
What is the hundreds digit of 60715?
7
What is the hundreds digit of 167347?
3
What is the tens digit of 1830285?
8
What is the tens digit of 16539?
3
What is the ten thousands digit of 221860?
2
What is the hundreds digit of 79354?
3
What is the ten thousands digit of 1128447?
2
What is the tens digit of 54890?
9
What is the ten thousands digit of 784724?
8
What is the millions digit of 15332709?
5
What is the thousands digit of 122807?
2
What is the hundred thousands digit of 269085?
2
What is the ten thousands digit of 6568564?
6
What is the millions digit of 4664333?
4
What is the thousands digit of 352139?
2
What is the tens digit of 1237439?
3
What is the hundred thousands digit of 607783?
6
What is the tens digit of 327627?
2
What is the ten thousands digit of 4489646?
8
What is the tens digit of 339799?
9
What is the tens digit of 854221?
2
What is the tens digit of 7252240?
4
What is the units digit of 209624?
4
What is the ten thousands digit of 4779065?
7
What is the tens digit of 282760?
6
What is the ten thousands digit of 156567?
5
What is the tens digit of 1421758?
5
What is the units digit of 986159?
9
What is the ten thousands digit of 90217?
9
What is the thousands digit of 1173848?
3
What is the tens digit of 552880?
8
What is the units digit of 1379209?
9
What is the units digit of 6421754?
4
What is the hundreds digit of 252704?
7
What is the thousands digit of 1010766?
0
What is the hundred thousands digit of 1637294?
6
What is the ten thousands digit of 1697845?
9
What is the ten thousands digit of 17602?
1
What is the hundred thousands digit of 22946350?
9
What is the ten thousands digit of 4721046?
2
What is the thousands digit of 36445196?
5
What is the thousands digit of 210847?
0
What is the units digit of 300125?
5
What is the millions digit of 2033235?
2
What is the hundreds digit of 22173612?
6
What is the tens digit of 5664222?
2
What is the ten thousands digit of 51921?
5
What is the millions digit of 24507764?
4
What is the hundred thousands digit of 614691?
6
What is the hundreds digit of 505272?
2
What is the tens digit of 11995609?
0
What is the tens digit of 19075259?
5
What is the hundreds digit of 92013?
0
What is the ten thousands digit of 293169?
9
What is the thousands digit of 10790187?
0
What is the units digit of 1884317?
7
What is the thousands digit of 8586674?
6
What is the units digit of 395544?
4
What is the units digit of 5081019?
9
What is the hundred thousands digit of 3054485?
0
What is the thousands digit of 9547865?
7
What is the ten thousands digit of 4846941?
4
What is the ten thousands digit of 229271?
2
What is the thousands digit of 7713654?
3
What is the thousands digit of 134705?
4
What is the hundred thousands digit of 100619?
1
What is the millions digit of 12249812?
2
What is the tens digit of 3145190?
9
What is the hundred thousands digit of 1316406?
3
What is the ten thousands digit of 11933?
1
What is the units digit of 112099?
9
What is the ten thousands digit of 89789?
8
What is the ten thousands digit of 181203?
8
What is the millions digit of 6789800?
6
What is the hundreds digit of 76053?
0
What is the units digit of 13140000?
0
What is the thousands digit of 635886?
5
What is the tens digit of 259691?
9
What is the hundreds digit of 1158650?
6
What is the ten thousands digit of 409116?
0
What is the ten thousands digit of 4733008?
3
What is the thousands digit of 2779858?
9
What is the thousands digit of 18740536?
0
What is the hundreds digit of 1168525?
5
What is the units digit of 2104579?
9
What is the ten thousands digit of 3247792?
4
What is the millions digit of 8821670?
8
What is the hundreds digit of 32382?
3
What is the hundreds digit of 88525?
5
What is the hundred thousands digit of 17431618?
4
What is the thousands digit of 1168757?
8
What is the ten thousands digit of 964537?
6
What is the hundred thousands digit of 6983109?
9
What is the hundred thousands digit of 130297?
1
What is the thousands digit of 942961?
2
What is the units digit of 907902?
2
What is the units digit of 13939865?
5
What is the ten thousands digit of 14251695?
5
What is the ten thousands digit of 271024?
7
What is the thousands digit of 3066051?
6
What is the tens digit of 45297?
9
What is the units digit of 73137?
7
What is the ten thousands digit of 879283?
7
What is the hundreds digit of 2242279?
2
Wha